343305?
False
Does 13 divide 504323404?
True
Does 31 divide 67982037?
False
Does 483 divide 19941138?
True
Does 407 divide 5483674614?
True
Does 111 divide 39895603?
False
Is 415646301 a multiple of 49?
False
Does 12 divide 95370024?
True
Does 27 divide 278773981?
False
Is 69517201 a multiple of 439?
False
Is 1416823113 a multiple of 46?
False
Is 22332361 a multiple of 511?
False
Is 20 a factor of 1640856?
False
Does 223 divide 16242428?
True
Does 36 divide 138828780?
True
Does 28 divide 66777409?
False
Is 6893 a factor of 461488192?
False
Is 2564 a factor of 242403124?
True
Does 39 divide 2166352?
False
Does 556 divide 108182803?
False
Does 74 divide 343098780?
True
Does 339 divide 153568847?
False
Does 19 divide 117839102?
True
Is 3254040 a multiple of 131?
True
Is 9 a factor of 3603212669?
False
Is 574173288 a multiple of 2691?
True
Is 12001249 a multiple of 767?
True
Is 2364648480 a multiple of 417?
False
Does 4104 divide 191369520?
True
Is 16825536 a multiple of 224?
True
Is 564 a factor of 419130960?
True
Does 22 divide 7017780?
True
Is 111488508 a multiple of 258?
True
Is 667 a factor of 55958031?
False
Does 16 divide 121241183?
False
Is 362 a factor of 130534033?
False
Is 57363200 a multiple of 32?
True
Is 42 a factor of 156948876?
True
Does 215 divide 17101234?
False
Is 254280270 a multiple of 173?
False
Is 6632 a factor of 7350097152?
False
Does 69 divide 20636175?
True
Does 102 divide 7738339?
False
Is 9469593 a multiple of 166?
False
Is 255834403 a multiple of 294?
False
Is 26216253 a multiple of 15?
False
Does 2560 divide 3977470746?
False
Does 809 divide 35910701?
True
Is 2080234 even?
True
Is 95242627 a multiple of 3?
False
Is 39996119 a multiple of 241?
True
Is 9 a factor of 35690021?
False
Does 6 divide 12583020?
True
Does 61 divide 70179036?
True
Is 18 a factor of 31798368?
True
Does 9 divide 4606018?
False
Is 12810 a factor of 536844286?
False
Does 13 divide 57865418?
True
Does 502 divide 1903492661?
False
Is 750560638 a multiple of 3578?
True
Is 1147476 a multiple of 5?
False
Is 78163932 a multiple of 12?
True
Does 593 divide 1186884756?
True
Is 17547243 a multiple of 21?
True
Does 251 divide 2837774374?
True
Is 4811873 a multiple of 18?
False
Is 642531060 a multiple of 2545?
True
Is 536351253 a multiple of 71?
True
Does 7 divide 34416594?
False
Does 81 divide 249394311?
False
Is 12 a factor of 4710819216?
True
Is 11 a factor of 95816270?
True
Does 31 divide 278526692?
True
Is 13624553 a multiple of 14?
False
Does 2853 divide 38843575?
False
Is 4121 a factor of 22329885?
False
Is 86 a factor of 119695574?
True
Is 135342144 a multiple of 1206?
True
Is 518993024 a multiple of 2656?
True
Is 4731869 a multiple of 2684?
False
Is 427 a factor of 952405188?
False
Is 650 a factor of 2304213?
False
Is 121454395 a multiple of 4783?
False
Is 13010726 a multiple of 118?
False
Does 97 divide 860517528?
False
Is 2679 a factor of 2014608?
True
Is 9850901 a multiple of 31?
True
Is 10 a factor of 339583049?
False
Does 3957 divide 172390907?
False
Does 20 divide 335792600?
True
Is 55714346 a multiple of 2707?
False
Does 7 divide 534829078?
True
Is 5001 a factor of 131928289?
False
Is 95 a factor of 510425?
False
Does 464 divide 28720409?
False
Is 390007110 a multiple of 1770?
True
Is 94 a factor of 82926739?
False
Is 98811312 a multiple of 24?
True
Is 354 a factor of 72435126?
True
Does 5 divide 57558426?
False
Is 108473192 a multiple of 404?
True
Is 4612784 a multiple of 22?
True
Does 6 divide 35254568?
False
Does 461 divide 2640336932?
True
Is 13238080 a multiple of 328?
True
Is 42671868 a multiple of 12?
True
Is 36203028 a multiple of 159?
True
Does 405 divide 46774665?
True
Is 2 a factor of 677117971?
False
Is 1075 a factor of 12444200?
True
Does 32 divide 1449529504?
True
Is 718745598 a multiple of 255?
False
Is 41521700 a multiple of 50?
True
Is 76891421 a multiple of 26?
False
Is 204330720 a multiple of 48?
True
Is 45 a factor of 22376920?
False
Does 24 divide 746894568?
True
Is 6 a factor of 27607410?
True
Is 31395974 a multiple of 17?
True
Is 1391 a factor of 41283489?
True
Is 3 a factor of 41510063?
False
Is 58048042 a multiple of 83?
True
Is 2251 a factor of 569115091?
False
Is 12 a factor of 641190756?
True
Is 7 a factor of 3729457?
False
Is 8 a factor of 347798832?
True
Does 90 divide 1817730?
True
Is 12 a factor of 3322963524?
True
Does 2 divide 27017724?
True
Does 19 divide 399102629?
False
Is 13 a factor of 1233165?
False
Does 539 divide 1542363699?
False
Does 1090 divide 276669250?
True
Does 6423 divide 266499026?
False
Does 1307 divide 742940789?
False
Is 664145109 a multiple of 3033?
True
Is 35 a factor of 339951000?
False
Is 770 a factor of 1249466634?
False
Does 69 divide 1999190906?
False
Does 26 divide 213903142?
False
Is 239 a factor of 384432695?
True
Is 32 a factor of 11374656?
True
Does 9 divide 191732985?
True
Is 192 a factor of 27142374?
False
Is 13075776 a multiple of 184?
True
Does 5 divide 12284550?
True
Is 74296464 a multiple of 76?
False
Does 242 divide 769166750?
True
Does 19 divide 71168625?
False
Does 1800 divide 29287917?
False
Does 574 divide 157478608?
False
Is 411793572 a multiple of 12?
True
Does 2132 divide 43439500?
True
Is 11 a factor of 258285635?
False
Is 14630215 a multiple of 21?
False
Is 42671462 a multiple of 166?
True
Does 15 divide 23569201?
False
Is 688114040 a multiple of 1828?
True
Is 460 a factor of 16643260?
True
Is 64 a factor of 88580733?
False
Is 14716 a factor of 6859863400?
True
Does 273 divide 3330456241?
False
Is 6549098 a multiple of 314?
True
Is 57 a factor of 6015267?
True
Is 720505260 a multiple of 54?
True
Is 6618797 a multiple of 59?
True
Is 26556634 a multiple of 13?
True
Is 1979011 even?
False
Does 3305 divide 288414799?
False
Is 4990854 a multiple of 3?
True
Does 53 divide 46092191?
False
Does 24 divide 4515705677?
False
Is 121 a factor of 457055962?
True
Is 140654880 a multiple of 54?
True
Is 24615492 a multiple of 66?
True
Is 134 a factor of 852822124?
False
Is 44651702 a multiple of 116?
False
Is 510807207 a multiple of 1679?
True
Is 41 a factor of 433155250?
False
Is 26 a factor of 27917188?
True
Is 1069451997 a multiple of 615?
False
Does 12 divide 77668026?
False
Is 38893989 a multiple of 319?
False
Does 3 divide 23544117?
True
Does 792 divide 71377283?
False
Is 625 a factor of 729120798?
False
Is 290014 a multiple of 33?
False
Is 991631353 a multiple of 1664?
False
Does 24 divide 313438224?
True
Is 58 a factor of 6233655?
False
Does 51 divide 132465105?
True
Is 90 a factor of 18236610?
True
Does 514 divide 12504078?
True
Is 109847916 a multiple of 36?
True
Does 28 divide 804184318?
False
Does 62 divide 175141816?
True
Is 182 a factor of 133958188?
True
Is 8 a factor of 41040662?
False
Is 152323508 a multiple of 120?
False
Does 13 divide 44145792?
False
Does 49 divide 175166327?
True
Does 20 divide 750440?
True
Is 107 a factor of 120655961?
False
Is 33758989 a multiple of 71?
False
Does 115 divide 175898585?
False
Is 314 a factor of 293003710?
False
Is 57891150 a multiple of 10?
True
Does 125 divide 307836315?
False
Is 408 a factor of 48537997?
False
Does 269 divide 2797869?
True
Does 4 divide 12858942?
False
Is 1108779796 a multiple of 1834?
False
Is 33979968 a multiple of 288?
True
Is 176071655 a multiple of 1114?
False
Is 60 a factor of 8102940?
True
Is 7 a factor of 143136877?
False
Does 107 divide 148975886?
True
Is 8161524 a multiple of 466?
True
Is 782511400 a multiple of 4010?
True
Is 75545232 a multiple of 8?
True
Is 415 a factor of 49123595?
False
Is 24420326 a multiple of 49?
True
Does 61 divide 83420245?
True
Does 125 divide 1356003765?
False
Is 504996730 a multiple of 10?
True
Does 10 divide 12406802?
False
Is 779273258 a multiple of 874?
True
Is 29652782 a multiple of 952?
False
Is 3 a factor of 298449464?
False
Does 32 divide 207360608?
True
Is 287554082 a multiple of 493?
True
Does 378 divide 18523890?
True
Is 20 a factor of 566355140?
True
Is 194629492 a multiple of 475?
False
Is 417 a factor of 33552654?
True
Is 8 a factor of 233541865?
False
Is 379 a factor of 2297498?
True
Is 43 a factor of 216823275?
False
Is 1616896 a multiple of 223?
False
Is 884412725 a multiple of 147?
False
Is 5 a factor of 2709601?
False
Is 29 a factor of 296760158